What are the prime factors of i?
271
Suppose -q - 367 = p - 1758, 0 = -2*q + p + 2779. Let w = -616 + q. List the prime factors of w.
2, 3, 43
Suppose 0 = 4*z + 2*v - 84322, 5*z - 105371 = 224*v - 222*v. List the prime factors of z.
7, 3011
Let u(l) be the first derivative of 7*l**2/2 - 103*l + 180. List the prime factors of u(26).
79
Let w = 88 + -59. Let g = -27 + w. Suppose g*h = -h + 252. What are the prime factors of h?
2, 3, 7
Suppose 33 = -3*w - 339. Let g = w - -180. What are the prime factors of g?
2, 7
Let r be 616/88 + -178 + 2. Suppose -1076 = -4*g + 4*y, -2*g + 260 = -g + 2*y. Let w = g + r. List the prime factors of w.
97
Suppose -k + 36 = -2*k. Let o be (9/(k/40))/(-2). Suppose 0 = -o*i + 35 + 645. What are the prime factors of i?
2, 17
Let a = 112623 + -65468. What are the prime factors of a?
5, 9431
Suppose -5*l = -3*r + 71, -5*r + 2*l + 46 + 47 = 0. Let d be 267/(-4) - r/68. Let j = 97 + d. List the prime factors of j.
2, 3, 5
Suppose 3*d = -2*x + 5*x + 54, -62 = 5*x + 2*d. Let k = 119 - x. List the prime factors of k.
7, 19
Let f = 403 - 405. Let h(x) = -103*x**3 - 3*x**2 + 3*x + 3. What are the prime factors of h(f)?
809
Let y = 258 - 260. What are the prime factors of 727/(1*(y - (0 - 3)))?
727
Suppose -4 = -5*a - 2*b - 0*b, 2 = -2*a + b. Suppose a = -3*q + 7 - 1. Suppose -102 = -3*o - q*l, -5*o + 0*l = 3*l - 170. What are the prime factors of o?
2, 17
Suppose 0 = -4*d - 5*z + 5, 2*d + 5*z - 5 = 5*d. Let v(a) be the third derivative of a**4/24 + 71*a**3/6 + 12*a**2. List the prime factors of v(d).
71
Let m be 5/(((-70)/(-12))/7) - 2. Suppose 3*t - s = 939 - 29, -2*s + m = 0. Suppose 3*i - t = -5*i. List the prime factors of i.
2, 19
Suppose 7*t = 2*t + 3*q + 109, -54 = -2*t - 4*q. Suppose 0 = -22*u + t*u - 311. Let n = -190 + u. What are the prime factors of n?
11
Suppose 193*s - 174*s - 196099 = 0. What are the prime factors of s?
10321
Suppose 11*o - 153 = 8*o. Let f be (-40)/(-10) + o + 2. Let z = -35 + f. List the prime factors of z.
2, 11
Let i = 542 + -521. Let b be ((-20)/3)/((-3)/144). Suppose -i*v = -17*v - b. List the prime factors of v.
2, 5
Suppose -51*f + 50*f - 85 = 0. Let m = 87 + f. Suppose -t - m*t - 64 = -j, 4*j - 5*t = 291. List the prime factors of j.
79
Let v(h) = h**3 - 8*h**2 + 4*h. Let w(j) = 2*j**3 - 15*j**2 + 8*j + 1. Let u(i) = -5*v(i) + 3*w(i). Let r = -1582 + 1588. List the prime factors of u(r).
3, 7
Let d(h) = 14*h**2 + 2*h + 2. Suppose 10*v = 15*v - 10. Suppose -17 = 4*y + 2*g + g, g = -v*y - 7. List the prime factors of d(y).
2, 3
Suppose -5*f - 5*j = 0, f - 2*j = 5*f - 4. Let n(i) = -2*i + 106 + 104 - 207 + 70*i**f. List the prime factors of n(1).
71
Let b = -97 + 98. Suppose -i + 4*r = b - 0, 4*r = 5*i - 11. Suppose 0 = 5*w + 3*a - 1449, -7*w + 2*w + i*a + 1431 = 0. What are the prime factors of w?
2, 3
What are the prime factors of 23/3*(2484 - -195)?
19, 23, 47
Suppose 4*q + 4*j - 3*j - 148 = 0, -3*j - 126 = -3*q. Let o = -26 - -28. Suppose 117 = 5*p - t, -2*p + q = o*t + 2*t. List the prime factors of p.
23
Let r(m) = -34576*m - 884. List the prime factors of r(-1).
2, 8423
Suppose -9*l + 85869 = 12*l. List the prime factors of l.
3, 29, 47
Let a(x) be the first derivative of 13*x**3/3 - 2*x**2 - 32*x - 108. What are the prime factors of a(9)?
5, 197
Suppose 150 = -s - 3*r, -3*s - 5*r - 158 = 288. Let k be (530/7)/(7*(-3)/s). Suppose c = -4*c + k. List the prime factors of c.
2, 53
What are the prime factors of 7*78/91 - -32884?
2, 5, 11, 13, 23
Let g = 8877 + -4374. List the prime factors of g.
3, 19, 79
Let k(u) = -u**3 + 18*u**2 + 23*u - 25. Let d be (12/(-8) - -2)*(0 - -38). List the prime factors of k(d).
3, 17
Let o(j) = 74*j + 4. Let i be o(15). Suppose 3*f + 3294 = 3*p, -3*f + i = 5*p - 4*p. List the prime factors of p.
2, 19, 29
Let m(x) = -3*x**2 + 10*x - 7. Let o be m(9). Suppose -4*b = 6*u - 2*u + 252, 3*b + 53 = -u. Let a = u - o. List the prime factors of a.
2, 23
Suppose -67 = 3*b + 5*z, 0*b - 3*b + 2*z = 95. Let t = b - -32. What are the prime factors of (0 - t - 20)/(1/(-2))?
2, 23
Suppose -43*d = 50*d - 2*d - 1319591. What are the prime factors of d?
17, 853
Let y(f) = -2*f - 8. Let r be y(-8). Let n be (-38)/r*(-2 + -44 + 6). Suppose -8*h + n = -3*h. List the prime factors of h.
2, 19
Let f = -41342 + 70894. List the prime factors of f.
2, 1847
Let l = -16331 - -26362. What are the prime factors of l?
7, 1433
Let a = -134 - -134. Suppose 1469 = 5*m - 5*c - 781, a = -4*m + 5*c + 1796. What are the prime factors of m?
2, 227
Let h be ((-36)/(-27))/((-2)/6 + 0). Let g(p) = 23*p - 3. Let s be g(h). Let f = -59 - s. What are the prime factors of f?
2, 3
Suppose 0 = 115*q - 116*q + 122. Let o = q - 137. Let b(a) = -a**3 - 15*a**2 - 10*a - 33. What are the prime factors of b(o)?
3, 13
List the prime factors of -1*1*-12071 + -138 + 130.
3, 4021
Suppose -5*r - d = 3986, -1 = -0*d + d. What are the prime factors of 33/99 - r/3?
2, 7, 19
Let p(n) be the third derivative of n**4/24 - 25*n**3/6 - 18*n**2. Let h be p(-12). Let a = 160 + h. List the prime factors of a.
3, 41
Suppose 4*x + 16146 = 3*q - 8*q, -4*q - 12918 = 2*x. Let s = -1647 - q. What are the prime factors of s?
1583
List the prime factors of 2052 - ((8 - 6) + 13).
3, 7, 97
Suppose -2*s = -9 + 5. Suppose -4*p - 240 = s*h, h - 4*p + 100 = -2*p. Let v = 24 - h. What are the prime factors of v?
2, 67
Let s(q) = 3325*q**2 + 28*q - 163. List the prime factors of s(4).
53149
Let a = -45 - -42. What are the prime factors of a + 2 - -3*1498/21?
3, 71
Let g(h) = h**2 - 2*h. Let v be g(2). Suppose -14*i + 26*i - 1128 = v. List the prime factors of i.
2, 47
Let o be 14 - -3 - (-4)/(3 + -4). Suppose -1570 = o*t - 15*t. What are the prime factors of t?
5, 157
Let g(u) = u**3 - 23*u**2 + 7*u - 32. Let f(i) = 24*i**3 - 4*i**2 + 4*i - 1. Let t be f(1). What are the prime factors of g(t)?
3, 43
Suppose 35*c - 8*c + 22356 = 0. Let d = -17 - c. List the prime factors of d.
811
Suppose 7*p + 5*p + 948 = 0. Let w = p - -87. Let y(k) = k**3 - 8*k**2 + 9*k - 12. What are the prime factors of y(w)?
2, 3, 5
Let m = -117 + 129. What are the prime factors of 2/m*909*2?
3, 101
Let q = -114 - -213. List the prime factors of q.
3, 11
Let d(q) = -74*q**2 + 1 + 44*q**2 + 2*q**3 + 26*q**2 + 2*q. Suppose 15 = 5*o - w, 3*w - 12 = -2*o - 2*o. What are the prime factors of d(o)?
5
Let l(s) = 3*s**3 + s - 2. Let y be l(3). Let x(f) = -133*f - 216. Let b be x(-3). Let i = b - y. List the prime factors of i.
101
Let h = 47035 - 25827. What are the prime factors of h?
2, 11, 241
Suppose 201*d - 86*d - 14331083 = -444*d. List the prime factors of d.
31, 827
Suppose -p + 1 = i, p + 12 = 4*i - 3*p. Suppose -2507 = -2*t + 4*a - 231, 3*t + i*a - 3390 = 0. List the prime factors of t.
2, 283
Suppose 3738824 - 456376 = 57*m - 5*m. What are the prime factors of m?
2, 43, 367
Suppose 0 = l + 4*l - l. List the prime factors of l - -1016 - (-64 - -69).
3, 337
Let n be (-8)/((-40)/45*6/40). What are the prime factors of ((80/n)/(1/1011))/2?
2, 337
Suppose p = -138 + 141. Suppose 3*c - 3*r - 1656 = 0, 2*c - 901 - 193 = -p*r. List the prime factors of c.
2, 5, 11
Let d(a) = 3*a - 23. Let f be d(9). Let n be 6/((f/(-16))/((-1)/(-4))). Let r(y) = y**3 + 7*y**2 - 13*y + 10. What are the prime factors of r(n)?
2, 31
Let f(k) = 3*k**2 - 19*k + 5. Let g be f(6). Let b be g/(-7)*-3 + 8/(-14). List the prime factors of (0 + -4 + -75)/b.
79
Let a be 9/21 - 57040/140. Let p be 4010/(-18) + 4/(-18). Let k = p - a. List the prime factors of k.
2, 23
Let d(o) = 433*o - 53. Suppose -143 = 2*i - 147. What are the prime factors of d(i)?
3, 271
Let f be 97 - (-3)/(-6)*-4. Suppose 7*n + 39 = 4*n. Let b = f + n. What are the prime factors of b?
2, 43
Let m = 6562 + -1638. What are the prime factors of m?
2, 1231
Let d be 2/(-3)*279/(-6). Let w = 492 + -223. Suppose -d - w = -5*a. List the prime factors of a.
2, 3, 5
Suppose 27*z - 10*z - 106644 = 340405. List the prime factors of z.
26297
Suppose 11*c - 76288 + 839 = 0. List the prime factors of c.
19
Let m(c) = -3*c**3 - 9*c**2 - 11*c + 3. Let n(h) = h**3 - h. Let d(s) = m(s) + 2*n(s). List the prime factors of d(-9).
2, 3, 5
Let f(c) = c + 18. Let o be f(-15). Suppose -5*p = -10*p - 4*y + 3, -o*p + 15 = -2*y. What are the prime fac